 of 1086268083?
1
What is the tens digit of 4981463?
6
What is the thousands digit of 199974551?
4
What is the tens digit of 631080181?
8
What is the thousands digit of 8027925?
7
What is the ten millions digit of 91720661?
9
What is the hundred thousands digit of 328726422?
7
What is the billions digit of 1613320703?
1
What is the millions digit of 81519767?
1
What is the ten millions digit of 3260533865?
6
What is the hundred thousands digit of 379257072?
2
What is the units digit of 1283479193?
3
What is the tens digit of 86716000?
0
What is the units digit of 406305820?
0
What is the millions digit of 3042054518?
2
What is the ten millions digit of 553504838?
5
What is the thousands digit of 2692975139?
5
What is the units digit of 135733922?
2
What is the tens digit of 563294022?
2
What is the ten thousands digit of 245054345?
5
What is the hundreds digit of 115281620?
6
What is the ten millions digit of 480108718?
8
What is the tens digit of 213111742?
4
What is the tens digit of 120723928?
2
What is the units digit of 1519459460?
0
What is the units digit of 16399145?
5
What is the millions digit of 880816168?
0
What is the ten thousands digit of 210434346?
3
What is the ten thousands digit of 108080379?
8
What is the ten thousands digit of 104394287?
9
What is the hundred thousands digit of 64028113?
0
What is the tens digit of 73969209?
0
What is the tens digit of 25943492?
9
What is the hundred thousands digit of 2175485343?
4
What is the hundred thousands digit of 3125499376?
4
What is the hundred millions digit of 122766387?
1
What is the hundred millions digit of 734835914?
7
What is the units digit of 44475653?
3
What is the hundreds digit of 24065537?
5
What is the hundreds digit of 2327446857?
8
What is the thousands digit of 5763227?
3
What is the millions digit of 2499352504?
9
What is the millions digit of 16829475?
6
What is the ten thousands digit of 715698291?
9
What is the units digit of 35327510?
0
What is the millions digit of 283812475?
3
What is the hundred millions digit of 432646969?
4
What is the hundred millions digit of 455966910?
4
What is the ten thousands digit of 122615331?
1
What is the tens digit of 560627679?
7
What is the hundreds digit of 15867745?
7
What is the tens digit of 75425611?
1
What is the billions digit of 1167396410?
1
What is the tens digit of 41189824?
2
What is the hundreds digit of 430335170?
1
What is the thousands digit of 1155761488?
1
What is the ten millions digit of 637261163?
3
What is the hundred millions digit of 259798282?
2
What is the hundred millions digit of 803405579?
8
What is the units digit of 12629648?
8
What is the thousands digit of 21465222?
5
What is the units digit of 366912599?
9
What is the hundred millions digit of 194311035?
1
What is the ten thousands digit of 957489250?
8
What is the millions digit of 491307088?
1
What is the hundred millions digit of 186554651?
1
What is the millions digit of 999416523?
9
What is the ten thousands digit of 2126548946?
4
What is the ten millions digit of 277058655?
7
What is the hundred thousands digit of 2647180854?
1
What is the thousands digit of 7268265772?
5
What is the hundred thousands digit of 41936630?
9
What is the hundred millions digit of 972543846?
9
What is the millions digit of 533870222?
3
What is the units digit of 683424654?
4
What is the ten thousands digit of 142216063?
1
What is the thousands digit of 1038160026?
0
What is the hundred millions digit of 768371641?
7
What is the millions digit of 145649901?
5
What is the hundred thousands digit of 71436635?
4
What is the billions digit of 1111855475?
1
What is the ten millions digit of 5417745262?
1
What is the millions digit of 377270663?
7
What is the units digit of 1835150039?
9
What is the units digit of 580227101?
1
What is the units digit of 7489020771?
1
What is the tens digit of 5514825?
2
What is the units digit of 2087842623?
3
What is the ten thousands digit of 219134311?
3
What is the millions digit of 46849412?
6
What is the tens digit of 8144767913?
1
What is the hundreds digit of 53186574?
5
What is the billions digit of 2166749107?
2
What is the tens digit of 284564929?
2
What is the hundred thousands digit of 243886895?
8
What is the hundreds digit of 4276090575?
5
What is the millions digit of 22131725?
2
What is the millions digit of 924819281?
4
What is the tens digit of 186973889?
8
What is the millions digit of 28246488?
8
What is the billions digit of 2015440637?
2
What is the hundreds digit of 52093266?
2
What is the hundreds digit of 1984285066?
0
What is the hundreds digit of 35187448?
4
What is the ten millions digit of 48287415?
4
What is the ten millions digit of 482975867?
8
What is the ten millions digit of 139981600?
3
What is the ten millions digit of 215110567?
1
What is the ten millions digit of 1003269293?
0
What is the hundreds digit of 1106073773?
7
What is the hundred thousands digit of 3669537478?
5
What is the ten thousands digit of 1480473086?
7
What is the thousands digit of 29632291?
2
What is the tens digit of 116148622?
2
What is the millions digit of 873194561?
3
What is the thousands digit of 47148632?
8
What is the ten millions digit of 1205368375?
0
What is the ten millions digit of 42486272?
4
What is the ten millions digit of 195579447?
9
What is the hundred thousands digit of 24034282?
0
What is the units digit of 631551375?
5
What is the millions digit of 586669790?
6
What is the ten millions digit of 312840459?
1
What is the ten millions digit of 349414748?
4
What is the hundred thousands digit of 612796302?
7
What is the ten thousands digit of 805768922?
6
What is the millions digit of 59335607?
9
What is the ten millions digit of 121772448?
2
What is the ten thousands digit of 269273387?
7
What is the tens digit of 215226086?
8
What is the ten thousands digit of 137045628?
4
What is the ten thousands digit of 22356173?
5
What is the hundreds digit of 3268735991?
9
What is the hundred thousands digit of 40133050?
1
What is the tens digit of 87957467?
6
What is the ten thousands digit of 96894338?
9
What is the ten millions digit of 2979633249?
7
What is the hundred thousands digit of 2604343?
6
What is the hundreds digit of 4573641453?
4
What is the ten thousands digit of 75094842?
9
What is the tens digit of 385008593?
9
What is the tens digit of 58256734?
3
What is the millions digit of 517167606?
7
What is the ten thousands digit of 205515268?
1
What is the units digit of 32870121?
1
What is the ten millions digit of 25749533?
2
What is the ten thousands digit of 4134769679?
6
What is the tens digit of 56668896?
9
What is the ten millions digit of 26099476?
2
What is the hundreds digit of 723530126?
1
What is the units digit of 2944187385?
5
What is the hundred millions digit of 180017465?
1
What is the units digit of 36197093?
3
What is the tens digit of 2638294138?
3
What is the thousands digit of 301302245?
2
What is the ten thousands digit of 894611572?
1
What is the millions digit of 6102359?
6
What is the thousands digit of 125099884?
9
What is the ten millions digit of 99655050?
9
What is the tens digit of 53841782?
8
What is the units digit of 161921386?
6
What is the ten thousands digit of 626412806?
1
What is the hundred thousands digit of 30028871?
0
What is the hundred millions digit of 260406796?
2
What is the billions digit of 2046025067?
2
What is the tens digit of 777814010?
1
What is the hundreds digit of 50623019?
0
What is the units digit of 111696950?
0
What is the ten millions digit of 58979332?
5
What is the tens digit of 17150195?
9
What is the millions digit of 284760897?
4
What is the ten thousands digit of 71831980?
3
What is the hundred thousands digit of 81119260?
1
What is the millions digit of 129883198?
9
What is the ten thousands digit of 2288268123?
6
What is the hundred thousands digit of 441205082?
2
What is the ten millions digit of 267303902?
6
What is the hundred thousands digit of 1444799173?
7
What is the ten thousands digit of 534007379?
0
What is the millions digit of 2617698817?
7
What is the thousands digit of 146558527?
8
What is the millions digit of 91046318?
1
What is the hundreds digit of 2591140097?
0
What is the ten thousands digit of 43008000